. List the prime factors of s.
59
Let h = 1148 - 393. What are the prime factors of h?
5, 151
Let r(t) = 5*t + 0 + 4 + 1. Let w be r(-7). Let v = w + 55. List the prime factors of v.
5
Let j be (3 - 5)/2 - 4. Let y = j + 24. What are the prime factors of y?
19
Let a be 16590/20 + 9/(-6). Suppose -76*s + a = -70*s. What are the prime factors of s?
2, 3, 23
Suppose 3 = 2*p - p. Suppose 0 = -v + 2*v - p*b + 51, 83 = -3*v - 5*b. What are the prime factors of v/21*42/(-4)?
2, 3
Let l(z) = 14*z**2 + 15*z - 34. Let p be l(2). Suppose -2*x = 4*c - 866, -4*x + x = 4*c - 867. List the prime factors of 4/(-4 + c/p).
2, 13
Let m = -761 + -5966. What are the prime factors of 2/(-16) - m/56?
2, 3, 5
Suppose 7*y - 8 - 6 = 0. Suppose 5*k - 957 = y*r, -2*r + 763 = 4*k - r. List the prime factors of k.
191
Let u = 16 + 149. Suppose -j + 3*a - 16 = -u, -797 = -5*j + 2*a. List the prime factors of j.
7, 23
Let g be (0/(-3))/3 - 0. Suppose r - 4 = -g*r. Suppose -5*d + 40 + 36 = i, 63 = r*d + 3*i. List the prime factors of d.
3, 5
Suppose 0 = -21*t + 15*t + 2274. What are the prime factors of t?
379
Let a(n) = n**3 - 4 - 1 + 7*n - 2*n**3 + 2*n**2 + 3*n**2. Let l be a(6). Suppose -7 = -3*y + 2*i, -2*i + 9 = 2*y + l. What are the prime factors of y?
3
Let m(g) = 247*g - 19. What are the prime factors of m(2)?
5, 19
Let l(q) = 2*q + q**2 - 9*q + 0*q**2 - 45 - 3*q. What are the prime factors of l(16)?
3, 17
Let p = -18 + 54. What are the prime factors of 6 + -3 + (p - 1)?
2, 19
Let t be -7*3/(-18)*-6. Let m(s) = s**2 + s - 9. Let c(r) = 2*r**2 + 2*r - 10. Let y(b) = 2*c(b) - 3*m(b). List the prime factors of y(t).
7
Let p(r) = 135*r - 2. Let t be p(1). Let a = -85 + t. What are the prime factors of a?
2, 3
Let y be 7/5 + 72/(-30) + 3. Suppose 0 = -y*r + 18 + 20. What are the prime factors of r?
19
Let j be (9/3)/(6/4). Suppose -j*c - 2*c = -28. Suppose -5*h - k + 127 = 0, 3*h - c*h - 5*k + 89 = 0. List the prime factors of h.
2, 13
Suppose 4*z = -4*s + 101 - 13, -16 = -4*s. Suppose z = h - 9. Suppose 7 = w - h. What are the prime factors of w?
2, 17
Suppose -23 = -4*o + 105. Let w = 81 - o. List the prime factors of w.
7
Let k(s) = 8*s**2 + 35*s - 402. What are the prime factors of k(9)?
3, 11, 17
Let l be (-105)/14*(-4)/6. Let b(z) = 46*z + 13. List the prime factors of b(l).
3
Let a = 207 + -151. What are the prime factors of a?
2, 7
Suppose w - 6*w = -3*k + 351, -k + 117 = -3*w. What are the prime factors of k?
3, 13
List the prime factors of -88*((-168)/16 + -3 + 1).
2, 5, 11
Suppose 0 = 21*m + 4*m - 18125. List the prime factors of m.
5, 29
Suppose -5*j + 2901 + 6979 = -2*v, -3*j + 5928 = -3*v. What are the prime factors of j?
2, 13, 19
Suppose -c - 5 = -2*p, 0*p - 9 = -5*p - c. Let x be p/(-10) - (-305)/25. List the prime factors of (4/x)/(1/57).
19
Suppose 0 = -2*c + 4*c - 2*t - 1662, -1677 = -2*c + 5*t. What are the prime factors of c?
2, 7, 59
What are the prime factors of (69190/8)/11 - (-1)/(-4)?
2, 3, 131
Let r(t) = -6*t**2 + 55*t + 94. Let w(o) = o**2 - 11*o - 19. Let c(z) = -2*r(z) - 11*w(z). What are the prime factors of c(-10)?
11
Suppose -8*j + 9*j = 5*o - 15562, 12446 = 4*o - 2*j. What are the prime factors of o?
11, 283
Suppose -894 = -2*i - 4*r, 3*i + 3*r = 1693 - 367. What are the prime factors of i?
19, 23
Let k(p) = 204*p - 1. List the prime factors of k(6).
1223
Suppose -2*d = -3*k - 55, -2*d + 19*k = 17*k - 56. What are the prime factors of d?
29
Suppose -3*t - 550 = -14*t. Let l = 120 - t. What are the prime factors of l?
2, 5, 7
Let c(w) = w + 9. Let h be c(-6). Suppose -h*k - 1 = -43. Let z = k + -1. What are the prime factors of z?
13
Let t(r) = -10*r**3 + 2*r**2 - 1. Let p be t(1). Let g = p - -14. Suppose x + 56 = g*x. List the prime factors of x.
2, 7
Suppose 0 = 5*o - a - 13 + 145, 3*o = -a - 84. Let t = 22 - o. What are the prime factors of t?
7
Let q be (300/(-18))/(1/3). List the prime factors of (-2)/((-10)/341) - 40/q.
3, 23
Suppose r = -0*r + 230. Let l = -134 + r. List the prime factors of l.
2, 3
Suppose 14*r = -10*r + 104472. What are the prime factors of r?
3, 1451
Suppose -139*n = -176769 - 73292. What are the prime factors of n?
7, 257
Suppose 0 = -2*y - 0*y + 8. What are the prime factors of (y - 1) + 106 + 3?
2, 7
Suppose 4*b - 2*n - 10693 = -n, -5*b + 13375 = -3*n. What are the prime factors of b?
2, 167
Let k = -29 - -20. Let t(a) = -6*a - 16. Let y be t(k). List the prime factors of y - -3 - (2 + -3).
2, 3, 7
Let k be 1795/6 + (-19)/114. Let b = -153 + k. What are the prime factors of b?
2, 73
Let m be (-178)/10 - 16/80. Let r = 27 + m. List the prime factors of r.
3
Let v = -1169 - -1714. List the prime factors of v.
5, 109
Let m(v) = -4*v**3 + 3*v**2 - 2*v + 6. List the prime factors of m(-6).
2, 3, 5, 11
Let b(z) = 3*z - 12. Let r be b(11). Suppose -r - 1 = 5*g + j, -4 = 2*j. What are the prime factors of (26/g)/(2/(-4))?
13
Suppose 2*i + 4*i - 1722 = 0. Let q = i + -166. What are the prime factors of q?
11
Suppose -4*q - 1 = -3*z, 4*q - 6 = -z + 5. Suppose f = q*f - 12. Suppose -y = -21 - f. List the prime factors of y.
3, 11
Suppose -11*y + 2597 = 12. What are the prime factors of y?
5, 47
Suppose 5*n = -2*l - 352, 3*l - 5*l = -4*n - 278. Let o = n + 136. What are the prime factors of o?
2, 3, 11
Suppose -55638 - 16602 = -16*i. List the prime factors of i.
3, 5, 7, 43
Suppose 1767 = d + 2*z - 2585, -3*z - 13047 = -3*d. What are the prime factors of d?
2, 3, 5, 29
Let p(g) = 19*g**2 - 11*g - 15. Let t be p(-6). Suppose 5*z = b + t, -2*z + 5*z - 469 = -5*b. List the prime factors of z.
2, 37
Let j = -2003 - -2883. List the prime factors of j.
2, 5, 11
Let c be (-2)/(-4) + 6/4. Suppose -209 + 75 = -c*s. List the prime factors of s.
67
What are the prime factors of (-18666)/408*(-344)/6?
43, 61
Suppose 168*y - 22956 = 162*y. What are the prime factors of y?
2, 1913
Let d be 198/7 + (-4)/14. Suppose x = d + 20. What are the prime factors of x?
2, 3
Suppose -14*q - 168 = -22*q. Suppose -2681 - 448 = -q*x. What are the prime factors of x?
149
List the prime factors of 115 + (-7 - -3 - -6).
3, 13
Let a = -843 + 1316. What are the prime factors of a?
11, 43
Let x(r) = -4*r - 14. Suppose 4*m + 48 = -4*j, 2*m = -3*j - 2*j - 9. Let u = m - -6. What are the prime factors of x(u)?
2, 3, 5
Let h(d) = -65*d + 117. What are the prime factors of h(-10)?
13, 59
Let b(w) be the third derivative of -w**7/2520 + 23*w**5/60 + 3*w**4/8 + w**2. Let g(l) be the second derivative of b(l). What are the prime factors of g(0)?
2, 23
What are the prime factors of 1482 - 2 - (-14 + 15)?
3, 17, 29
List the prime factors of 7/(-2)*(-76 + 34).
3, 7
Let u = 736 - 413. What are the prime factors of u?
17, 19
Let g be ((-25)/(-10))/(2/(-4)). List the prime factors of (2/4)/(g/(-460)).
2, 23
Let p(u) = u**2 - 3*u - 3. Suppose 2*n = g - 3, -3*n - 9 = -2*g - g. Let r(h) = -h**2 + 4*h + 4. Let s(k) = g*r(k) + 4*p(k). List the prime factors of s(-5).
5
Let o(j) = 53*j + 2. Let f be o(-12). What are the prime factors of (-13)/52 - f/8?
79
Suppose -m = -8 + 6. What are the prime factors of m/3*((-242)/(-4) - 2)?
3, 13
Let r(n) = -n**3 + n**2 + 106. Let j be r(0). Suppose 3*k - 44 = 28. Suppose -j = -5*c + k. List the prime factors of c.
2, 13
Let f = 1543 - 1029. List the prime factors of f.
2, 257
Suppose 13*g = 12865 - 3453. List the prime factors of g.
2, 181
Let v = -1529 + 3698. What are the prime factors of v?
3, 241
Let m = 38 - -6. Let i = 116 - m. List the prime factors of i.
2, 3
Suppose o - 3 = -1. Suppose o*p + t + 1 = 9, -t + 2 = 0. Let q(d) = 7*d - 1. List the prime factors of q(p).
2, 5
Suppose -6*l - 25 = -7*l. Suppose l = g + 4*g. Suppose 14 + 31 = g*d. What are the prime factors of d?
3
Suppose 153 = -2*j - 2*u + 1425, -3*j = 2*u - 1910. Let o be (-2)/(-4)*(-20 + j). Suppose o = 5*r + f, 0 = -r - r + 2*f + 126. List the prime factors of r.
2, 31
Suppose 2*s = -2*p, -2*p - 10 - 5 = 5*s. Suppose 11*w - p*w = 432. Suppose 4*i - 4 + 20 = 0, -2*g + i = -w. What are the prime factors of g?
2, 17
Suppose -2953 = -12*q + 1283. What are the prime factors of q?
353
Let v be (2/(-3))/((-2)/6). Suppose 38*z - 200 = 28*z. Suppose -7 - z = -3*a - 3*u, 0 = v*a + 5*u - 12. List the prime factors of a.
11
Let p(o) = o**3 + 4*o**2 - 4*o + 1. Let u be p(-